{"id":2146,"date":"2025-11-04T01:38:53","date_gmt":"2025-11-04T04:38:53","guid":{"rendered":"https:\/\/www.cimtalca.cl\/?page_id=2146"},"modified":"2025-12-22T13:12:44","modified_gmt":"2025-12-22T16:12:44","slug":"servicios","status":"publish","type":"page","link":"https:\/\/www.cimtalca.cl\/?page_id=2146","title":{"rendered":"Servicios"},"content":{"rendered":"\t\t<div data-elementor-type=\"wp-page\" data-elementor-id=\"2146\" class=\"elementor elementor-2146\">\n\t\t\t\t<div class=\"elementor-element elementor-element-6a17e28 e-flex e-con-boxed e-con e-parent\" data-id=\"6a17e28\" data-element_type=\"container\">\n\t\t\t\t\t<div class=\"e-con-inner\">\n\t\t\t\t<div class=\"elementor-element elementor-element-59e1d0d elementor-widget elementor-widget-heading\" data-id=\"59e1d0d\" data-element_type=\"widget\" data-widget_type=\"heading.default\">\n\t\t\t\t<div class=\"elementor-widget-container\">\n\t\t\t\t\t<h2 class=\"elementor-heading-title elementor-size-default\">Nuestros Servicios <\/h2>\t\t\t\t<\/div>\n\t\t\t\t<\/div>\n\t\t\t\t\t<\/div>\n\t\t\t\t<\/div>\n\t\t<div class=\"elementor-element elementor-element-e580313 e-grid e-con-boxed e-con e-parent\" data-id=\"e580313\" data-element_type=\"container\">\n\t\t\t\t\t<div class=\"e-con-inner\">\n\t\t\t\t<div class=\"elementor-element elementor-element-1492387 elementor-widget__width-initial elementor-widget-mobile__width-initial elementor-widget elementor-widget-text-editor\" data-id=\"1492387\" data-element_type=\"widget\" data-widget_type=\"text-editor.default\">\n\t\t\t\t<div class=\"elementor-widget-container\">\n\t\t\t\t\t\t\t\t\t<ul>\n<li>Si tienes una enfermedad respiratoria como enfermedad&nbsp; pulmonar obstructiva cr\u00f3nica&nbsp; (EPOC), Asma bronquial, Fibrosis pulmonar, Bronquiectasias, Rinitis al\u00e9rgica, P\u00f3lipos nasales, cont\u00e1ctanos para consultas sobre participaci\u00f3n y tratamiento de tu enfermedad.<br><br><\/li>\n<li>Si requieres de atenci\u00f3n&nbsp; por especialista bronco pulmonar (Dr. Rafael Silva Orellana)\n<p>Especialista en Medicina Interna (Dra. Carolina Gonz\u00e1lez Navarro)<\/p>\n<\/li>\n<li>Si requieres de la realizaci\u00f3n de ex\u00e1menes de funci\u00f3n pulmonar:\n<p>\u2013 Espirometria<br>\u2013 Test de metacolina<br>\u2013 Test de caminata<br>\u2013 Test cut\u00e1neo<br>\u2013 DLCO (difusi\u00f3n con mon\u00f3xido de carbono)<br>\u2013 Pletismografia<br>\u2013 FENO<\/p>\n<\/li>\n<\/ul>\t\t\t\t\t\t\t\t<\/div>\n\t\t\t\t<\/div>\n\t\t\t\t<div class=\"elementor-element elementor-element-8a281cd elementor-widget elementor-widget-image\" data-id=\"8a281cd\" data-element_type=\"widget\" data-widget_type=\"image.default\">\n\t\t\t\t<div class=\"elementor-widget-container\">\n\t\t\t\t\t\t\t\t\t\t\t\t\t\t\t<img decoding=\"async\" src=\"https:\/\/www.cimtalca.cl\/wp-content\/uploads\/elementor\/thumbs\/Espirometria-scaled-1-rgjewkbyv48kwpk9u0zdxb4loe9rgerss8xef25214.jpg\" title=\"Espirometria-scaled\" alt=\"Espirometria-scaled\" loading=\"lazy\" \/>\t\t\t\t\t\t\t\t\t\t\t\t\t\t\t<\/div>\n\t\t\t\t<\/div>\n\t\t\t\t\t<\/div>\n\t\t\t\t<\/div>\n\t\t\t\t<\/div>\n\t\t","protected":false},"excerpt":{"rendered":"<p>Nuestros Servicios Si tienes una enfermedad respiratoria como enfermedad&nbsp; pulmonar obstructiva cr\u00f3nica&nbsp; (EPOC), Asma bronquial, Fibrosis pulmonar, Bronquiectasias, Rinitis al\u00e9rgica, P\u00f3lipos nasales, cont\u00e1ctanos para consultas sobre participaci\u00f3n y tratamiento de tu enfermedad. Si requieres de atenci\u00f3n&nbsp; por especialista bronco pulmonar<\/p>\n","protected":false},"author":1,"featured_media":0,"parent":0,"menu_order":0,"comment_status":"closed","ping_status":"closed","template":"","meta":{"_joinchat":[],"footnotes":""},"class_list":["post-2146","page","type-page","status-publish","hentry"],"yoast_head":"<!-- This site is optimized with the Yoast SEO plugin v26.2 - https:\/\/yoast.com\/wordpress\/plugins\/seo\/ -->\n<title>Servicios - Centro de Investigaci\u00f3n del Maule<\/title>\n<meta name=\"robots\" content=\"index, follow, max-snippet:-1, max-image-preview:large, max-video-preview:-1\" \/>\n<link rel=\"canonical\" href=\"https:\/\/www.cimtalca.cl\/?page_id=2146\" \/>\n<meta property=\"og:locale\" content=\"es_ES\" \/>\n<meta property=\"og:type\" content=\"article\" \/>\n<meta property=\"og:title\" content=\"Servicios - Centro de Investigaci\u00f3n del Maule\" \/>\n<meta property=\"og:description\" content=\"Nuestros Servicios Si tienes una enfermedad respiratoria como enfermedad&nbsp; pulmonar obstructiva cr\u00f3nica&nbsp; (EPOC), Asma bronquial, Fibrosis pulmonar, Bronquiectasias, Rinitis al\u00e9rgica, P\u00f3lipos nasales, cont\u00e1ctanos para consultas sobre participaci\u00f3n y tratamiento de tu enfermedad. Si requieres de atenci\u00f3n&nbsp; por especialista bronco pulmonar\" \/>\n<meta property=\"og:url\" content=\"https:\/\/www.cimtalca.cl\/?page_id=2146\" \/>\n<meta property=\"og:site_name\" content=\"Centro de Investigaci\u00f3n del Maule\" \/>\n<meta property=\"article:publisher\" content=\"https:\/\/www.facebook.com\/profile.php?id=100063657606037#\" \/>\n<meta property=\"article:modified_time\" content=\"2025-12-22T16:12:44+00:00\" \/>\n<meta property=\"og:image\" content=\"https:\/\/www.cimtalca.cl\/wp-content\/uploads\/elementor\/thumbs\/Espirometria-scaled-1-rgjewkbyv48kwpk9u0zdxb4loe9rgerss8xef25214.jpg\" \/>\n<meta name=\"twitter:card\" content=\"summary_large_image\" \/>\n<meta name=\"twitter:label1\" content=\"Tiempo estimado de lectura\" \/>\n\t<meta name=\"twitter:data1\" content=\"1 minuto\" \/>\n<script type=\"application\/ld+json\" class=\"yoast-schema-graph\">{\"@context\":\"https:\/\/schema.org\",\"@graph\":[{\"@type\":\"WebPage\",\"@id\":\"https:\/\/www.cimtalca.cl\/?page_id=2146\",\"url\":\"https:\/\/www.cimtalca.cl\/?page_id=2146\",\"name\":\"Servicios - Centro de Investigaci\u00f3n del Maule\",\"isPartOf\":{\"@id\":\"https:\/\/www.cimtalca.cl\/#website\"},\"primaryImageOfPage\":{\"@id\":\"https:\/\/www.cimtalca.cl\/?page_id=2146#primaryimage\"},\"image\":{\"@id\":\"https:\/\/www.cimtalca.cl\/?page_id=2146#primaryimage\"},\"thumbnailUrl\":\"https:\/\/www.cimtalca.cl\/wp-content\/uploads\/elementor\/thumbs\/Espirometria-scaled-1-rgjewkbyv48kwpk9u0zdxb4loe9rgerss8xef25214.jpg\",\"datePublished\":\"2025-11-04T04:38:53+00:00\",\"dateModified\":\"2025-12-22T16:12:44+00:00\",\"breadcrumb\":{\"@id\":\"https:\/\/www.cimtalca.cl\/?page_id=2146#breadcrumb\"},\"inLanguage\":\"es-CL\",\"potentialAction\":[{\"@type\":\"ReadAction\",\"target\":[\"https:\/\/www.cimtalca.cl\/?page_id=2146\"]}]},{\"@type\":\"ImageObject\",\"inLanguage\":\"es-CL\",\"@id\":\"https:\/\/www.cimtalca.cl\/?page_id=2146#primaryimage\",\"url\":\"https:\/\/www.cimtalca.cl\/wp-content\/uploads\/elementor\/thumbs\/Espirometria-scaled-1-rgjewkbyv48kwpk9u0zdxb4loe9rgerss8xef25214.jpg\",\"contentUrl\":\"https:\/\/www.cimtalca.cl\/wp-content\/uploads\/elementor\/thumbs\/Espirometria-scaled-1-rgjewkbyv48kwpk9u0zdxb4loe9rgerss8xef25214.jpg\"},{\"@type\":\"BreadcrumbList\",\"@id\":\"https:\/\/www.cimtalca.cl\/?page_id=2146#breadcrumb\",\"itemListElement\":[{\"@type\":\"ListItem\",\"position\":1,\"name\":\"Portada\",\"item\":\"https:\/\/www.cimtalca.cl\/\"},{\"@type\":\"ListItem\",\"position\":2,\"name\":\"Servicios\"}]},{\"@type\":\"WebSite\",\"@id\":\"https:\/\/www.cimtalca.cl\/#website\",\"url\":\"https:\/\/www.cimtalca.cl\/\",\"name\":\"Centro Investigacion del Maule\",\"description\":\"Centro de investigaci\u00f3n estudios cl\u00ednicos \u00e1rea respiratoria, cardiol\u00f3gica, oncol\u00f3gica y otros \",\"publisher\":{\"@id\":\"https:\/\/www.cimtalca.cl\/#organization\"},\"potentialAction\":[{\"@type\":\"SearchAction\",\"target\":{\"@type\":\"EntryPoint\",\"urlTemplate\":\"https:\/\/www.cimtalca.cl\/?s={search_term_string}\"},\"query-input\":{\"@type\":\"PropertyValueSpecification\",\"valueRequired\":true,\"valueName\":\"search_term_string\"}}],\"inLanguage\":\"es-CL\"},{\"@type\":\"Organization\",\"@id\":\"https:\/\/www.cimtalca.cl\/#organization\",\"name\":\"Centro Investigacion del Maule\",\"url\":\"https:\/\/www.cimtalca.cl\/\",\"logo\":{\"@type\":\"ImageObject\",\"inLanguage\":\"es-CL\",\"@id\":\"https:\/\/www.cimtalca.cl\/#\/schema\/logo\/image\/\",\"url\":\"https:\/\/www.cimtalca.cl\/wp-content\/uploads\/2025\/10\/logo_150.jpg\",\"contentUrl\":\"https:\/\/www.cimtalca.cl\/wp-content\/uploads\/2025\/10\/logo_150.jpg\",\"width\":150,\"height\":129,\"caption\":\"Centro Investigacion del Maule\"},\"image\":{\"@id\":\"https:\/\/www.cimtalca.cl\/#\/schema\/logo\/image\/\"},\"sameAs\":[\"https:\/\/www.facebook.com\/profile.php?id=100063657606037#\",\"https:\/\/www.unensayoparami.org\/es\/sitios\/CIM\"]}]}<\/script>\n<!-- \/ Yoast SEO plugin. -->","yoast_head_json":{"title":"Servicios - Centro de Investigaci\u00f3n del Maule","robots":{"index":"index","follow":"follow","max-snippet":"max-snippet:-1","max-image-preview":"max-image-preview:large","max-video-preview":"max-video-preview:-1"},"canonical":"https:\/\/www.cimtalca.cl\/?page_id=2146","og_locale":"es_ES","og_type":"article","og_title":"Servicios - Centro de Investigaci\u00f3n del Maule","og_description":"Nuestros Servicios Si tienes una enfermedad respiratoria como enfermedad&nbsp; pulmonar obstructiva cr\u00f3nica&nbsp; (EPOC), Asma bronquial, Fibrosis pulmonar, Bronquiectasias, Rinitis al\u00e9rgica, P\u00f3lipos nasales, cont\u00e1ctanos para consultas sobre participaci\u00f3n y tratamiento de tu enfermedad. Si requieres de atenci\u00f3n&nbsp; por especialista bronco pulmonar","og_url":"https:\/\/www.cimtalca.cl\/?page_id=2146","og_site_name":"Centro de Investigaci\u00f3n del Maule","article_publisher":"https:\/\/www.facebook.com\/profile.php?id=100063657606037#","article_modified_time":"2025-12-22T16:12:44+00:00","og_image":[{"url":"https:\/\/www.cimtalca.cl\/wp-content\/uploads\/elementor\/thumbs\/Espirometria-scaled-1-rgjewkbyv48kwpk9u0zdxb4loe9rgerss8xef25214.jpg","type":"","width":"","height":""}],"twitter_card":"summary_large_image","twitter_misc":{"Tiempo estimado de lectura":"1 minuto"},"schema":{"@context":"https:\/\/schema.org","@graph":[{"@type":"WebPage","@id":"https:\/\/www.cimtalca.cl\/?page_id=2146","url":"https:\/\/www.cimtalca.cl\/?page_id=2146","name":"Servicios - Centro de Investigaci\u00f3n del Maule","isPartOf":{"@id":"https:\/\/www.cimtalca.cl\/#website"},"primaryImageOfPage":{"@id":"https:\/\/www.cimtalca.cl\/?page_id=2146#primaryimage"},"image":{"@id":"https:\/\/www.cimtalca.cl\/?page_id=2146#primaryimage"},"thumbnailUrl":"https:\/\/www.cimtalca.cl\/wp-content\/uploads\/elementor\/thumbs\/Espirometria-scaled-1-rgjewkbyv48kwpk9u0zdxb4loe9rgerss8xef25214.jpg","datePublished":"2025-11-04T04:38:53+00:00","dateModified":"2025-12-22T16:12:44+00:00","breadcrumb":{"@id":"https:\/\/www.cimtalca.cl\/?page_id=2146#breadcrumb"},"inLanguage":"es-CL","potentialAction":[{"@type":"ReadAction","target":["https:\/\/www.cimtalca.cl\/?page_id=2146"]}]},{"@type":"ImageObject","inLanguage":"es-CL","@id":"https:\/\/www.cimtalca.cl\/?page_id=2146#primaryimage","url":"https:\/\/www.cimtalca.cl\/wp-content\/uploads\/elementor\/thumbs\/Espirometria-scaled-1-rgjewkbyv48kwpk9u0zdxb4loe9rgerss8xef25214.jpg","contentUrl":"https:\/\/www.cimtalca.cl\/wp-content\/uploads\/elementor\/thumbs\/Espirometria-scaled-1-rgjewkbyv48kwpk9u0zdxb4loe9rgerss8xef25214.jpg"},{"@type":"BreadcrumbList","@id":"https:\/\/www.cimtalca.cl\/?page_id=2146#breadcrumb","itemListElement":[{"@type":"ListItem","position":1,"name":"Portada","item":"https:\/\/www.cimtalca.cl\/"},{"@type":"ListItem","position":2,"name":"Servicios"}]},{"@type":"WebSite","@id":"https:\/\/www.cimtalca.cl\/#website","url":"https:\/\/www.cimtalca.cl\/","name":"Centro Investigacion del Maule","description":"Centro de investigaci\u00f3n estudios cl\u00ednicos \u00e1rea respiratoria, cardiol\u00f3gica, oncol\u00f3gica y otros ","publisher":{"@id":"https:\/\/www.cimtalca.cl\/#organization"},"potentialAction":[{"@type":"SearchAction","target":{"@type":"EntryPoint","urlTemplate":"https:\/\/www.cimtalca.cl\/?s={search_term_string}"},"query-input":{"@type":"PropertyValueSpecification","valueRequired":true,"valueName":"search_term_string"}}],"inLanguage":"es-CL"},{"@type":"Organization","@id":"https:\/\/www.cimtalca.cl\/#organization","name":"Centro Investigacion del Maule","url":"https:\/\/www.cimtalca.cl\/","logo":{"@type":"ImageObject","inLanguage":"es-CL","@id":"https:\/\/www.cimtalca.cl\/#\/schema\/logo\/image\/","url":"https:\/\/www.cimtalca.cl\/wp-content\/uploads\/2025\/10\/logo_150.jpg","contentUrl":"https:\/\/www.cimtalca.cl\/wp-content\/uploads\/2025\/10\/logo_150.jpg","width":150,"height":129,"caption":"Centro Investigacion del Maule"},"image":{"@id":"https:\/\/www.cimtalca.cl\/#\/schema\/logo\/image\/"},"sameAs":["https:\/\/www.facebook.com\/profile.php?id=100063657606037#","https:\/\/www.unensayoparami.org\/es\/sitios\/CIM"]}]}},"_links":{"self":[{"href":"https:\/\/www.cimtalca.cl\/index.php?rest_route=\/wp\/v2\/pages\/2146","targetHints":{"allow":["GET"]}}],"collection":[{"href":"https:\/\/www.cimtalca.cl\/index.php?rest_route=\/wp\/v2\/pages"}],"about":[{"href":"https:\/\/www.cimtalca.cl\/index.php?rest_route=\/wp\/v2\/types\/page"}],"author":[{"embeddable":true,"href":"https:\/\/www.cimtalca.cl\/index.php?rest_route=\/wp\/v2\/users\/1"}],"replies":[{"embeddable":true,"href":"https:\/\/www.cimtalca.cl\/index.php?rest_route=%2Fwp%2Fv2%2Fcomments&post=2146"}],"version-history":[{"count":40,"href":"https:\/\/www.cimtalca.cl\/index.php?rest_route=\/wp\/v2\/pages\/2146\/revisions"}],"predecessor-version":[{"id":2517,"href":"https:\/\/www.cimtalca.cl\/index.php?rest_route=\/wp\/v2\/pages\/2146\/revisions\/2517"}],"wp:attachment":[{"href":"https:\/\/www.cimtalca.cl\/index.php?rest_route=%2Fwp%2Fv2%2Fmedia&parent=2146"}],"curies":[{"name":"wp","href":"https:\/\/api.w.org\/{rel}","templated":true}]}}